{"id":118386,"date":"2023-01-16T18:58:21","date_gmt":"2023-01-16T21:58:21","guid":{"rendered":"https:\/\/galvylam.iuhco.com\/?page_id=118386"},"modified":"2025-01-29T13:49:45","modified_gmt":"2025-01-29T16:49:45","slug":"steel-frame-montaje","status":"publish","type":"page","link":"https:\/\/galvylam.com\/index.php\/steel-frame-montaje\/","title":{"rendered":"STEEL FRAME | MONTAJE"},"content":{"rendered":"<p>[vc_row row_height_percent=\u00bb0&#8243; override_padding=\u00bbyes\u00bb h_padding=\u00bb2&#8243; top_padding=\u00bb3&#8243; bottom_padding=\u00bb3&#8243; back_color=\u00bbcolor-xsdn\u00bb overlay_alpha=\u00bb50&#8243; gutter_size=\u00bb3&#8243; column_width_percent=\u00bb100&#8243; shift_y=\u00bb0&#8243; z_index=\u00bb0&#8243; uncode_shortcode_id=\u00bb549086&#8243; back_color_type=\u00bbuncode-palette\u00bb][vc_column column_width_percent=\u00bb100&#8243; position_vertical=\u00bbmiddle\u00bb gutter_size=\u00bb4&#8243; overlay_alpha=\u00bb50&#8243; shift_x=\u00bb0&#8243; shift_y=\u00bb0&#8243; shift_y_down=\u00bb0&#8243; z_index=\u00bb0&#8243; medium_width=\u00bb0&#8243; mobile_width=\u00bb0&#8243; width=\u00bb1\/1&#8243;][vc_row_inner row_inner_height_percent=\u00bb0&#8243; overlay_alpha=\u00bb50&#8243; gutter_size=\u00bb4&#8243; shift_y=\u00bb0&#8243; z_index=\u00bb0&#8243;][vc_column_inner column_width_percent=\u00bb100&#8243; gutter_size=\u00bb1&#8243; overlay_alpha=\u00bb50&#8243; shift_x=\u00bb0&#8243; shift_y=\u00bb0&#8243; shift_y_down=\u00bb0&#8243; z_index=\u00bb0&#8243; medium_width=\u00bb0&#8243; mobile_width=\u00bb0&#8243; width=\u00bb1\/3&#8243;][vc_empty_space empty_h=\u00bb0&#8243;][vc_custom_heading text_color=\u00bbaccent\u00bb heading_semantic=\u00bbh6&#8243; text_size=\u00bbfontsize-160000&#8243; text_transform=\u00bbuppercase\u00bb text_space=\u00bbfontspace-135905&#8243; uncode_shortcode_id=\u00bb950699&#8243; text_color_type=\u00bbuncode-palette\u00bb]CAPACITACIONES[\/vc_custom_heading][\/vc_column_inner][vc_column_inner column_width_percent=\u00bb100&#8243; gutter_size=\u00bb2&#8243; overlay_alpha=\u00bb50&#8243; shift_x=\u00bb0&#8243; shift_y=\u00bb0&#8243; shift_y_down=\u00bb0&#8243; z_index=\u00bb0&#8243; medium_width=\u00bb0&#8243; mobile_width=\u00bb0&#8243; width=\u00bb2\/3&#8243;][vc_custom_heading heading_semantic=\u00bbh3&#8243; text_size=\u00bbfontsize-155944&#8243; uncode_shortcode_id=\u00bb919978&#8243;]Steel Frame | Montaje de 2 plantas[\/vc_custom_heading][\/vc_column_inner][\/vc_row_inner][\/vc_column][\/vc_row][vc_row row_height_percent=\u00bb49&#8243; override_padding=\u00bbyes\u00bb h_padding=\u00bb2&#8243; top_padding=\u00bb5&#8243; bottom_padding=\u00bb5&#8243; back_color=\u00bbcolor-xsdn\u00bb back_image=\u00bb118739&#8243; overlay_color=\u00bbcolor-jevc\u00bb overlay_alpha=\u00bb30&#8243; gutter_size=\u00bb3&#8243; column_width_percent=\u00bb100&#8243; shift_y=\u00bb0&#8243; z_index=\u00bb0&#8243; uncode_shortcode_id=\u00bb202026&#8243; back_color_type=\u00bbuncode-palette\u00bb overlay_color_type=\u00bbuncode-palette\u00bb][vc_column column_width_percent=\u00bb100&#8243; position_vertical=\u00bbmiddle\u00bb gutter_size=\u00bb4&#8243; overlay_alpha=\u00bb50&#8243; shift_x=\u00bb0&#8243; shift_y=\u00bb0&#8243; shift_y_down=\u00bb0&#8243; z_index=\u00bb0&#8243; medium_width=\u00bb0&#8243; mobile_width=\u00bb0&#8243; width=\u00bb1\/1&#8243;][vc_row_inner][vc_column_inner column_width_percent=\u00bb100&#8243; position_vertical=\u00bbmiddle\u00bb gutter_size=\u00bb3&#8243; overlay_alpha=\u00bb50&#8243; shift_x=\u00bb0&#8243; shift_y=\u00bb0&#8243; shift_y_down=\u00bb0&#8243; z_index=\u00bb0&#8243; medium_width=\u00bb0&#8243; mobile_width=\u00bb0&#8243; width=\u00bb1\/3&#8243; uncode_shortcode_id=\u00bb687914&#8243;][vc_custom_heading text_color=\u00bbcolor-xsdn\u00bb heading_semantic=\u00bbh4&#8243; text_size=\u00bbh4&#8243; text_weight=\u00bb300&#8243; uncode_shortcode_id=\u00bb132856&#8243; text_color_type=\u00bbuncode-palette\u00bb][\/vc_custom_heading][\/vc_column_inner][vc_column_inner column_width_percent=\u00bb100&#8243; position_vertical=\u00bbmiddle\u00bb gutter_size=\u00bb3&#8243; overlay_alpha=\u00bb50&#8243; shift_x=\u00bb0&#8243; shift_y=\u00bb0&#8243; shift_y_down=\u00bb0&#8243; z_index=\u00bb0&#8243; medium_width=\u00bb0&#8243; mobile_width=\u00bb0&#8243; width=\u00bb1\/3&#8243; uncode_shortcode_id=\u00bb601896&#8243;][vc_custom_heading text_color=\u00bbcolor-xsdn\u00bb heading_semantic=\u00bbh4&#8243; text_size=\u00bbh4&#8243; uncode_shortcode_id=\u00bb167460&#8243; text_color_type=\u00bbuncode-palette\u00bb][\/vc_custom_heading][\/vc_column_inner][vc_column_inner column_width_percent=\u00bb100&#8243; position_vertical=\u00bbmiddle\u00bb gutter_size=\u00bb3&#8243; overlay_alpha=\u00bb50&#8243; shift_x=\u00bb0&#8243; shift_y=\u00bb0&#8243; shift_y_down=\u00bb0&#8243; z_index=\u00bb0&#8243; medium_width=\u00bb0&#8243; mobile_width=\u00bb0&#8243; width=\u00bb1\/3&#8243; uncode_shortcode_id=\u00bb100536&#8243;][vc_button button_color=\u00bbcolor-482803&#8243; radius=\u00bbbtn-circle\u00bb text_skin=\u00bbyes\u00bb custom_typo=\u00bbyes\u00bb font_family=\u00bbfont-156269&#8243; font_weight=\u00bb600&#8243; text_transform=\u00bbuppercase\u00bb border_width=\u00bb0&#8243; css_animation=\u00bbparallax\u00bb parallax_intensity=\u00bb1&#8243; link=\u00bburl:https%3A%2F%2Fwa.me%2F1565794181|target:_blank\u00bb button_color_type=\u00bbuncode-palette\u00bb uncode_shortcode_id=\u00bb144448&#8243; icon=\u00bbfa fa-whatsapp\u00bb]\u00a1QUIERO RECIBIR M\u00c1S INFORMACI\u00d3N![\/vc_button][\/vc_column_inner][\/vc_row_inner][\/vc_column][\/vc_row][vc_row unlock_row_content=\u00bbyes\u00bb row_height_percent=\u00bb100&#8243; override_padding=\u00bbyes\u00bb h_padding=\u00bb0&#8243; top_padding=\u00bb0&#8243; bottom_padding=\u00bb0&#8243; back_color=\u00bbcolor-xsdn\u00bb overlay_alpha=\u00bb50&#8243; equal_height=\u00bbyes\u00bb gutter_size=\u00bb3&#8243; column_width_percent=\u00bb100&#8243; shift_y=\u00bb0&#8243; z_index=\u00bb0&#8243;][vc_column column_width_percent=\u00bb100&#8243; gutter_size=\u00bb3&#8243; expand_height=\u00bbyes\u00bb style=\u00bbdark\u00bb overlay_alpha=\u00bb50&#8243; shift_x=\u00bb0&#8243; shift_y=\u00bb0&#8243; z_index=\u00bb0&#8243; medium_width=\u00bb0&#8243; width=\u00bb1\/1&#8243;][vc_row_inner row_inner_height_percent=\u00bb0&#8243; overlay_alpha=\u00bb50&#8243; equal_height=\u00bbyes\u00bb gutter_size=\u00bb0&#8243; shift_y=\u00bb0&#8243;][vc_column_inner column_width_percent=\u00bb65&#8243; position_vertical=\u00bbmiddle\u00bb gutter_size=\u00bb3&#8243; overlay_alpha=\u00bb50&#8243; shift_x=\u00bb0&#8243; shift_y=\u00bb0&#8243; shift_y_down=\u00bb0&#8243; z_index=\u00bb0&#8243; medium_width=\u00bb0&#8243; mobile_width=\u00bb0&#8243; width=\u00bb1\/2&#8243; uncode_shortcode_id=\u00bb422295&#8243;][vc_column_text uncode_shortcode_id=\u00bb137963&#8243;]<span style=\"font-weight: 400;\">Esta capacitaci\u00f3n estar\u00e1 dirigida espec\u00edficamente a instaladores o profesionales que hayan realizado el curso de Steel Framing o similar y quieran dirigir una obra en Steel Framing. El mismo consta de los siguientes \u00edtems desarrollados en tres d\u00edas consecutivos bajo el formato de te\u00f3rico y pr\u00e1ctico.<\/span><\/p>\n<p><b>El primer y el segundo d\u00eda se construir\u00e1n las 2 plantas con entrepiso.<\/b><\/p>\n<p><b>El tercer d\u00eda se colocar\u00e1n aislaci\u00f3n, emplacado y revestimiento.<\/b>[\/vc_column_text][\/vc_column_inner][vc_column_inner column_width_use_pixel=\u00bbyes\u00bb position_vertical=\u00bbmiddle\u00bb gutter_size=\u00bb0&#8243; back_color=\u00bbcolor-gyho\u00bb overlay_alpha=\u00bb50&#8243; shift_x=\u00bb0&#8243; shift_y=\u00bb0&#8243; shift_y_down=\u00bb0&#8243; z_index=\u00bb0&#8243; medium_width=\u00bb0&#8243; mobile_width=\u00bb0&#8243; width=\u00bb1\/2&#8243; mobile_height=\u00bb300&#8243; uncode_shortcode_id=\u00bb178498&#8243; back_color_type=\u00bbuncode-palette\u00bb][vc_column_text text_color=\u00bbcolor-531112&#8243; uncode_shortcode_id=\u00bb104388&#8243; text_color_type=\u00bbuncode-palette\u00bb]<strong>Informaci\u00f3n general<\/strong><\/p>\n<p><strong>Duraci\u00f3n:<\/strong> 3 d\u00edas.<\/p>\n<p><strong>Horario:<\/strong> 09:00 a 16:30 hs.<\/p>\n<p><strong>Lugar:<\/strong> <span style=\"font-weight: 400;\">Carhu\u00e9 4360, Caseros, Provincia de Buenos Aires.<\/span><\/p>\n<p><strong>Cupos limitados.<\/strong><\/p>\n<p><strong>Incluye:<\/strong><\/p>\n<ul>\n<li>Desayuno.<\/li>\n<li>Almuerzo.<\/li>\n<li>Merienda.<\/li>\n<li>Elementos de seguridad.<\/li>\n<li>Folleter\u00eda de Fabricantes.<\/li>\n<li>Certificado de Asistencia.<\/li>\n<li>Documentaci\u00f3n de armado de entrepiso.<\/li>\n<li>Voucher y merchandising.<\/li>\n<li>Consultor\u00eda de ingenier\u00eda.<\/li>\n<\/ul>\n<p>[\/vc_column_text][\/vc_column_inner][\/vc_row_inner][\/vc_column][\/vc_row][vc_row row_height_percent=\u00bb0&#8243; back_color=\u00bbaccent\u00bb overlay_alpha=\u00bb50&#8243; gutter_size=\u00bb3&#8243; column_width_percent=\u00bb100&#8243; shift_y=\u00bb0&#8243; z_index=\u00bb0&#8243; uncode_shortcode_id=\u00bb903281&#8243; back_color_type=\u00bbuncode-palette\u00bb][vc_column width=\u00bb1\/3&#8243;][vc_custom_heading text_color=\u00bbcolor-xsdn\u00bb text_font=\u00bbfont-156269&#8243; text_size=\u00bbh3&#8243; uncode_shortcode_id=\u00bb299501&#8243; text_color_type=\u00bbuncode-palette\u00bb]<b>Programa d\u00eda 1 y 2<\/b>[\/vc_custom_heading][\/vc_column][vc_column width=\u00bb1\/3&#8243;][vc_custom_heading text_color=\u00bbcolor-xsdn\u00bb text_font=\u00bbfont-156269&#8243; text_size=\u00bbh6&#8243; uncode_shortcode_id=\u00bb101350&#8243; text_color_type=\u00bbuncode-palette\u00bb]<span style=\"font-weight: 400;\"><strong>Lugar:<\/strong> Carhu\u00e9 4360, Caseros, Provincia de Buenos Aires.<\/span>[\/vc_custom_heading][\/vc_column][vc_column width=\u00bb1\/3&#8243;][vc_custom_heading text_color=\u00bbcolor-xsdn\u00bb text_font=\u00bbfont-156269&#8243; text_size=\u00bbh6&#8243; uncode_shortcode_id=\u00bb176446&#8243; text_color_type=\u00bbuncode-palette\u00bb]<span style=\"font-weight: 400;\"><strong>Duraci\u00f3n Total: <\/strong><\/span>15 horas.[\/vc_custom_heading][\/vc_column][\/vc_row][vc_row][vc_column width=\u00bb1\/3&#8243;][vc_column_text uncode_shortcode_id=\u00bb956232&#8243;]<b>Armado de 2 plantas con el entrepiso.<\/b><\/p>\n<p><span style=\"font-weight: 400;\"><strong>Coordinador:<\/strong> <\/span><\/p>\n<p><span style=\"font-weight: 400;\">Ingeniero Andr\u00e9s Quintana.<\/span>[\/vc_column_text][\/vc_column][vc_column width=\u00bb1\/3&#8243;][vc_column_text uncode_shortcode_id=\u00bb868032&#8243;]<strong>Detalle:<\/strong><\/p>\n<ul>\n<li>Lectura de planos de panelizado.<\/li>\n<li>Armado de paneles portantes y no portantes.<\/li>\n<li>Montaje de paneles de planta baja haciendo hincapi\u00e9 en los distintos tipos de uniones, as\u00ed como en la rigidizaci\u00f3n y arriostramiento.<\/li>\n<li>Elementos de seguridad para armado de proyecto<\/li>\n<li>Armado de entrepiso; se efectuar\u00e1 el montaje de un entrepiso con voladizo y armado del vano para escalera.<\/li>\n<li>Montaje de paneles de planta alta.<\/li>\n<li>Armado y montaje de la cubierta con sistema de cambios.<\/li>\n<li>Emplacado con diafragma de rigidizaci\u00f3n y barrera de agua y viento.<\/li>\n<li>Colocaci\u00f3n de accesorios del sistema (anclajes, tensores, conectores, etc).<\/li>\n<\/ul>\n<p>[\/vc_column_text][\/vc_column][vc_column width=\u00bb1\/3&#8243;][vc_column_text uncode_shortcode_id=\u00bb141242&#8243;]<strong>Horario: <\/strong><\/p>\n<p>9:00 a 16:30 hs.[\/vc_column_text][\/vc_column][\/vc_row][vc_row][vc_column width=\u00bb1\/3&#8243;][vc_column_text uncode_shortcode_id=\u00bb765218&#8243;]<b>Aislaci\u00f3n, emplacado, y revestimiento.<\/b><\/p>\n<p><span style=\"font-weight: 400;\">Ingeniero Andr\u00e9s Quintana.<\/span>[\/vc_column_text][\/vc_column][vc_column width=\u00bb1\/3&#8243;][vc_column_text uncode_shortcode_id=\u00bb608859&#8243;]<strong>Detalle:<\/strong><\/p>\n<ul>\n<li>Colocaci\u00f3n de alguna placa para Interiores\/exteriores.<\/li>\n<li>Placa de rigidizaci\u00f3n.<\/li>\n<li>Aislaci\u00f3n T\u00e9rmica y Ac\u00fastica: Lana de Vidrio, Lana Mineral, Lana Poli\u00e9ster, Aislante Celul\u00f3sico y Poliestireno.<\/li>\n<li>Barrera de vapor\/Barrera de viento.<\/li>\n<li>Emplacado de diferentes placas para Interior\/exteriores y de entrepiso.<\/li>\n<li>Sistema EIFS con aplicaci\u00f3n de revestimiento texturado y pinturas (interiores y exteriores).<\/li>\n<\/ul>\n<p>[\/vc_column_text][\/vc_column][vc_column width=\u00bb1\/3&#8243;][vc_column_text uncode_shortcode_id=\u00bb612736&#8243;]<strong>Horario: <\/strong><\/p>\n<p>9:00 a 16:30 hs.[\/vc_column_text][\/vc_column][\/vc_row][vc_row row_height_percent=\u00bb0&#8243; back_color=\u00bbaccent\u00bb overlay_alpha=\u00bb50&#8243; gutter_size=\u00bb3&#8243; column_width_percent=\u00bb100&#8243; shift_y=\u00bb0&#8243; z_index=\u00bb0&#8243; uncode_shortcode_id=\u00bb903281&#8243; back_color_type=\u00bbuncode-palette\u00bb][vc_column width=\u00bb1\/3&#8243;][vc_custom_heading text_color=\u00bbcolor-xsdn\u00bb text_font=\u00bbfont-156269&#8243; text_size=\u00bbh3&#8243; uncode_shortcode_id=\u00bb109711&#8243; text_color_type=\u00bbuncode-palette\u00bb]<b>Programa d\u00eda 3<\/b>[\/vc_custom_heading][\/vc_column][vc_column width=\u00bb1\/3&#8243;][vc_custom_heading text_color=\u00bbcolor-xsdn\u00bb text_font=\u00bbfont-156269&#8243; text_size=\u00bbh6&#8243; uncode_shortcode_id=\u00bb101350&#8243; text_color_type=\u00bbuncode-palette\u00bb]<span style=\"font-weight: 400;\"><strong>Lugar:<\/strong> Carhu\u00e9 4360, Caseros, Provincia de Buenos Aires.<\/span>[\/vc_custom_heading][\/vc_column][vc_column width=\u00bb1\/3&#8243;][vc_custom_heading text_color=\u00bbcolor-xsdn\u00bb text_font=\u00bbfont-156269&#8243; text_size=\u00bbh6&#8243; uncode_shortcode_id=\u00bb105031&#8243; text_color_type=\u00bbuncode-palette\u00bb]<span style=\"font-weight: 400;\"><strong>Duraci\u00f3n Total: 07,5 hs.<\/strong><\/span>[\/vc_custom_heading][\/vc_column][\/vc_row][vc_row][vc_column width=\u00bb1\/3&#8243;][vc_column_text uncode_shortcode_id=\u00bb918454&#8243;]<b>Anclajes de entrepisos<\/b><\/p>\n<p><strong>Coordinador:<\/strong><\/p>\n<p><span style=\"font-weight: 400;\">Lic. Juan Carlos Soli\u00f1o.<\/span>[\/vc_column_text][\/vc_column][vc_column width=\u00bb1\/3&#8243;][vc_column_text uncode_shortcode_id=\u00bb211695&#8243;]<strong>Detalle:<\/strong><\/p>\n<ul>\n<li>A obra h\u00fameda.<\/li>\n<li>A obra en seco.<\/li>\n<\/ul>\n<p>[\/vc_column_text][\/vc_column][vc_column width=\u00bb1\/3&#8243;][vc_column_text uncode_shortcode_id=\u00bb632167&#8243;]<strong>Horario: <\/strong><\/p>\n<p>9:00 a 16:30 hs.[\/vc_column_text][\/vc_column][\/vc_row][vc_row row_height_percent=\u00bb0&#8243; override_padding=\u00bbyes\u00bb h_padding=\u00bb4&#8243; top_padding=\u00bb2&#8243; bottom_padding=\u00bb2&#8243; back_color=\u00bbaccent\u00bb overlay_alpha=\u00bb50&#8243; gutter_size=\u00bb4&#8243; column_width_percent=\u00bb100&#8243; shift_y=\u00bb0&#8243; z_index=\u00bb0&#8243; uncode_shortcode_id=\u00bb174358&#8243; back_color_type=\u00bbuncode-palette\u00bb][vc_column column_width_percent=\u00bb100&#8243; gutter_size=\u00bb3&#8243; style=\u00bbdark\u00bb overlay_alpha=\u00bb50&#8243; shift_x=\u00bb0&#8243; shift_y=\u00bb0&#8243; shift_y_down=\u00bb0&#8243; z_index=\u00bb0&#8243; medium_width=\u00bb0&#8243; mobile_width=\u00bb0&#8243; width=\u00bb1\/4&#8243;][vc_single_image media=\u00bb117807&#8243; media_width_percent=\u00bb40&#8243; css_animation=\u00bbzoom-out\u00bb uncode_shortcode_id=\u00bb429372&#8243;][uncode_socials size=\u00bblead\u00bb css_animation=\u00bbzoom-out\u00bb][\/vc_column][vc_column column_width_percent=\u00bb100&#8243; gutter_size=\u00bb3&#8243; style=\u00bbdark\u00bb overlay_alpha=\u00bb50&#8243; shift_x=\u00bb0&#8243; shift_y=\u00bb0&#8243; shift_y_down=\u00bb0&#8243; z_index=\u00bb0&#8243; medium_width=\u00bb0&#8243; mobile_width=\u00bb0&#8243; width=\u00bb3\/4&#8243;][vc_custom_heading heading_semantic=\u00bbh5&#8243; text_font=\u00bbfont-339240&#8243; text_size=\u00bbh4&#8243; css_animation=\u00bbzoom-out\u00bb uncode_shortcode_id=\u00bb633668&#8243;]Descubrinos[\/vc_custom_heading][vc_row_inner][vc_column_inner column_width_percent=\u00bb100&#8243; gutter_size=\u00bb3&#8243; style=\u00bbdark\u00bb overlay_alpha=\u00bb50&#8243; shift_x=\u00bb0&#8243; shift_y=\u00bb0&#8243; shift_y_down=\u00bb0&#8243; z_index=\u00bb0&#8243; medium_width=\u00bb0&#8243; mobile_width=\u00bb0&#8243; css_animation=\u00bbbottom-t-top\u00bb parallax_intensity=\u00bb1&#8243; width=\u00bb1\/3&#8243; uncode_shortcode_id=\u00bb113956&#8243;][uncode_list icon=\u00bbfa fa-arrow-right3&#8243; uncode_shortcode_id=\u00bb454048&#8243;]<\/p>\n<ul>\n<li><a style=\"color: #fff !important;\" href=\"https:\/\/galvylam.iuhco.com\/index.php\/pages\/empresa\/\">Empresa<\/a><\/li>\n<li><a style=\"color: #fff !important;\" href=\"https:\/\/galvylam.iuhco.com\/index.php\/productos\/\">Productos<\/a><\/li>\n<\/ul>\n<p>[\/uncode_list][\/vc_column_inner][vc_column_inner column_width_percent=\u00bb100&#8243; gutter_size=\u00bb3&#8243; style=\u00bbdark\u00bb overlay_alpha=\u00bb50&#8243; shift_x=\u00bb0&#8243; shift_y=\u00bb0&#8243; shift_y_down=\u00bb0&#8243; z_index=\u00bb0&#8243; medium_width=\u00bb0&#8243; mobile_width=\u00bb0&#8243; css_animation=\u00bbbottom-t-top\u00bb parallax_intensity=\u00bb1&#8243; width=\u00bb1\/3&#8243; uncode_shortcode_id=\u00bb585652&#8243;][uncode_list icon=\u00bbfa fa-arrow-right3&#8243; uncode_shortcode_id=\u00bb400327&#8243;]<\/p>\n<ul>\n<li><a style=\"color: #fff !important;\" href=\"https:\/\/galvylam.iuhco.com\/#servicios\">Servicios<\/a><\/li>\n<li><a style=\"color: #fff !important;\" href=\"https:\/\/galvylam.iuhco.com\/\">Capacitaciones<\/a><\/li>\n<\/ul>\n<p>[\/uncode_list][\/vc_column_inner][vc_column_inner column_width_percent=\u00bb100&#8243; gutter_size=\u00bb3&#8243; style=\u00bbdark\u00bb overlay_alpha=\u00bb50&#8243; shift_x=\u00bb0&#8243; shift_y=\u00bb0&#8243; shift_y_down=\u00bb0&#8243; z_index=\u00bb0&#8243; medium_width=\u00bb0&#8243; mobile_width=\u00bb0&#8243; css_animation=\u00bbbottom-t-top\u00bb parallax_intensity=\u00bb1&#8243; width=\u00bb1\/3&#8243; uncode_shortcode_id=\u00bb179073&#8243;][uncode_list icon=\u00bbfa fa-arrow-right3&#8243; uncode_shortcode_id=\u00bb166910&#8243;]<\/p>\n<ul>\n<li><a style=\"color: #fff !important;\" href=\"https:\/\/galvylam.iuhco.com\/\">Noticias<\/a><\/li>\n<li><a style=\"color: #fff !important;\" href=\"https:\/\/galvylam.iuhco.com\/index.php\/trabaja_con_nosotros\/\">Trabaj\u00e1 con nosotros<\/a><\/li>\n<\/ul>\n<p>[\/uncode_list][\/vc_column_inner][\/vc_row_inner][\/vc_column][\/vc_row][vc_row row_height_percent=\u00bb0&#8243; back_color=\u00bbaccent\u00bb overlay_alpha=\u00bb50&#8243; gutter_size=\u00bb3&#8243; column_width_percent=\u00bb100&#8243; shift_y=\u00bb0&#8243; z_index=\u00bb0&#8243; uncode_shortcode_id=\u00bb182028&#8243; back_color_type=\u00bbuncode-palette\u00bb][vc_column column_width_percent=\u00bb100&#8243; position_vertical=\u00bbmiddle\u00bb align_horizontal=\u00bbalign_center\u00bb gutter_size=\u00bb3&#8243; overlay_alpha=\u00bb50&#8243; shift_x=\u00bb0&#8243; shift_y=\u00bb0&#8243; shift_y_down=\u00bb0&#8243; z_index=\u00bb0&#8243; medium_width=\u00bb0&#8243; mobile_width=\u00bb0&#8243; width=\u00bb1\/1&#8243; uncode_shortcode_id=\u00bb162077&#8243;][uncode_list icon=\u00bbfa fa-arrow-right3&#8243; uncode_shortcode_id=\u00bb409790&#8243;]<a style=\"color: #fff !important;\" href=\"https:\/\/iuhco.com\/\">Design by <strong>IUH<\/strong><\/a>[\/uncode_list][\/vc_column][\/vc_row]<\/p>\n","protected":false},"excerpt":{"rendered":"<p>[vc_row row_height_percent=\u00bb0&#8243; override_padding=\u00bbyes\u00bb h_padding=\u00bb2&#8243; top_padding=\u00bb3&#8243; bottom_padding=\u00bb3&#8243; back_color=\u00bbcolor-xsdn\u00bb overlay_alpha=\u00bb50&#8243; gutter_size=\u00bb3&#8243; column_width_percent=\u00bb100&#8243; shift_y=\u00bb0&#8243; z_index=\u00bb0&#8243; uncode_shortcode_id=\u00bb549086&#8243; back_color_type=\u00bbuncode-palette\u00bb][vc_column column_width_percent=\u00bb100&#8243; position_vertical=\u00bbmiddle\u00bb gutter_size=\u00bb4&#8243; overlay_alpha=\u00bb50&#8243; shift_x=\u00bb0&#8243; shift_y=\u00bb0&#8243; [&hellip;]<\/p>\n","protected":false},"author":1,"featured_media":0,"parent":0,"menu_order":0,"comment_status":"closed","ping_status":"closed","template":"","meta":{"footnotes":""},"class_list":["post-118386","page","type-page","status-publish","hentry"],"yoast_head":"<!-- This site is optimized with the Yoast SEO plugin v27.0 - https:\/\/yoast.com\/product\/yoast-seo-wordpress\/ -->\n<title>STEEL FRAME | MONTAJE - Galvylam<\/title>\n<meta name=\"robots\" content=\"index, follow, max-snippet:-1, max-image-preview:large, max-video-preview:-1\" \/>\n<link rel=\"canonical\" href=\"https:\/\/galvylam.com\/index.php\/steel-frame-montaje\/\" \/>\n<meta property=\"og:locale\" content=\"es_ES\" \/>\n<meta property=\"og:type\" content=\"article\" \/>\n<meta property=\"og:title\" content=\"STEEL FRAME | MONTAJE - Galvylam\" \/>\n<meta property=\"og:description\" content=\"[vc_row row_height_percent=\u00bb0&#8243; override_padding=\u00bbyes\u00bb h_padding=\u00bb2&#8243; top_padding=\u00bb3&#8243; bottom_padding=\u00bb3&#8243; back_color=\u00bbcolor-xsdn\u00bb overlay_alpha=\u00bb50&#8243; gutter_size=\u00bb3&#8243; column_width_percent=\u00bb100&#8243; shift_y=\u00bb0&#8243; z_index=\u00bb0&#8243; uncode_shortcode_id=\u00bb549086&#8243; back_color_type=\u00bbuncode-palette\u00bb][vc_column column_width_percent=\u00bb100&#8243; position_vertical=\u00bbmiddle\u00bb gutter_size=\u00bb4&#8243; overlay_alpha=\u00bb50&#8243; shift_x=\u00bb0&#8243; shift_y=\u00bb0&#8243; [&hellip;]\" \/>\n<meta property=\"og:url\" content=\"https:\/\/galvylam.com\/index.php\/steel-frame-montaje\/\" \/>\n<meta property=\"og:site_name\" content=\"Galvylam\" \/>\n<meta property=\"article:modified_time\" content=\"2025-01-29T16:49:45+00:00\" \/>\n<meta name=\"twitter:card\" content=\"summary_large_image\" \/>\n<meta name=\"twitter:label1\" content=\"Tiempo de lectura\" \/>\n\t<meta name=\"twitter:data1\" content=\"4 minutos\" \/>\n<script type=\"application\/ld+json\" class=\"yoast-schema-graph\">{\"@context\":\"https:\/\/schema.org\",\"@graph\":[{\"@type\":\"WebPage\",\"@id\":\"https:\/\/galvylam.com\/index.php\/steel-frame-montaje\/\",\"url\":\"https:\/\/galvylam.com\/index.php\/steel-frame-montaje\/\",\"name\":\"STEEL FRAME | MONTAJE - Galvylam\",\"isPartOf\":{\"@id\":\"https:\/\/galvylam.com\/#website\"},\"datePublished\":\"2023-01-16T21:58:21+00:00\",\"dateModified\":\"2025-01-29T16:49:45+00:00\",\"breadcrumb\":{\"@id\":\"https:\/\/galvylam.com\/index.php\/steel-frame-montaje\/#breadcrumb\"},\"inLanguage\":\"es\",\"potentialAction\":[{\"@type\":\"ReadAction\",\"target\":[\"https:\/\/galvylam.com\/index.php\/steel-frame-montaje\/\"]}]},{\"@type\":\"BreadcrumbList\",\"@id\":\"https:\/\/galvylam.com\/index.php\/steel-frame-montaje\/#breadcrumb\",\"itemListElement\":[{\"@type\":\"ListItem\",\"position\":1,\"name\":\"Portada\",\"item\":\"https:\/\/galvylam.com\/\"},{\"@type\":\"ListItem\",\"position\":2,\"name\":\"STEEL FRAME | MONTAJE\"}]},{\"@type\":\"WebSite\",\"@id\":\"https:\/\/galvylam.com\/#website\",\"url\":\"https:\/\/galvylam.com\/\",\"name\":\"Galvylam\",\"description\":\"Especialistas en construcci\u00f3n met\u00e1lica\",\"potentialAction\":[{\"@type\":\"SearchAction\",\"target\":{\"@type\":\"EntryPoint\",\"urlTemplate\":\"https:\/\/galvylam.com\/?s={search_term_string}\"},\"query-input\":{\"@type\":\"PropertyValueSpecification\",\"valueRequired\":true,\"valueName\":\"search_term_string\"}}],\"inLanguage\":\"es\"}]}<\/script>\n<!-- \/ Yoast SEO plugin. -->","yoast_head_json":{"title":"STEEL FRAME | MONTAJE - Galvylam","robots":{"index":"index","follow":"follow","max-snippet":"max-snippet:-1","max-image-preview":"max-image-preview:large","max-video-preview":"max-video-preview:-1"},"canonical":"https:\/\/galvylam.com\/index.php\/steel-frame-montaje\/","og_locale":"es_ES","og_type":"article","og_title":"STEEL FRAME | MONTAJE - Galvylam","og_description":"[vc_row row_height_percent=\u00bb0&#8243; override_padding=\u00bbyes\u00bb h_padding=\u00bb2&#8243; top_padding=\u00bb3&#8243; bottom_padding=\u00bb3&#8243; back_color=\u00bbcolor-xsdn\u00bb overlay_alpha=\u00bb50&#8243; gutter_size=\u00bb3&#8243; column_width_percent=\u00bb100&#8243; shift_y=\u00bb0&#8243; z_index=\u00bb0&#8243; uncode_shortcode_id=\u00bb549086&#8243; back_color_type=\u00bbuncode-palette\u00bb][vc_column column_width_percent=\u00bb100&#8243; position_vertical=\u00bbmiddle\u00bb gutter_size=\u00bb4&#8243; overlay_alpha=\u00bb50&#8243; shift_x=\u00bb0&#8243; shift_y=\u00bb0&#8243; [&hellip;]","og_url":"https:\/\/galvylam.com\/index.php\/steel-frame-montaje\/","og_site_name":"Galvylam","article_modified_time":"2025-01-29T16:49:45+00:00","twitter_card":"summary_large_image","twitter_misc":{"Tiempo de lectura":"4 minutos"},"schema":{"@context":"https:\/\/schema.org","@graph":[{"@type":"WebPage","@id":"https:\/\/galvylam.com\/index.php\/steel-frame-montaje\/","url":"https:\/\/galvylam.com\/index.php\/steel-frame-montaje\/","name":"STEEL FRAME | MONTAJE - Galvylam","isPartOf":{"@id":"https:\/\/galvylam.com\/#website"},"datePublished":"2023-01-16T21:58:21+00:00","dateModified":"2025-01-29T16:49:45+00:00","breadcrumb":{"@id":"https:\/\/galvylam.com\/index.php\/steel-frame-montaje\/#breadcrumb"},"inLanguage":"es","potentialAction":[{"@type":"ReadAction","target":["https:\/\/galvylam.com\/index.php\/steel-frame-montaje\/"]}]},{"@type":"BreadcrumbList","@id":"https:\/\/galvylam.com\/index.php\/steel-frame-montaje\/#breadcrumb","itemListElement":[{"@type":"ListItem","position":1,"name":"Portada","item":"https:\/\/galvylam.com\/"},{"@type":"ListItem","position":2,"name":"STEEL FRAME | MONTAJE"}]},{"@type":"WebSite","@id":"https:\/\/galvylam.com\/#website","url":"https:\/\/galvylam.com\/","name":"Galvylam","description":"Especialistas en construcci\u00f3n met\u00e1lica","potentialAction":[{"@type":"SearchAction","target":{"@type":"EntryPoint","urlTemplate":"https:\/\/galvylam.com\/?s={search_term_string}"},"query-input":{"@type":"PropertyValueSpecification","valueRequired":true,"valueName":"search_term_string"}}],"inLanguage":"es"}]}},"_links":{"self":[{"href":"https:\/\/galvylam.com\/index.php\/wp-json\/wp\/v2\/pages\/118386","targetHints":{"allow":["GET"]}}],"collection":[{"href":"https:\/\/galvylam.com\/index.php\/wp-json\/wp\/v2\/pages"}],"about":[{"href":"https:\/\/galvylam.com\/index.php\/wp-json\/wp\/v2\/types\/page"}],"author":[{"embeddable":true,"href":"https:\/\/galvylam.com\/index.php\/wp-json\/wp\/v2\/users\/1"}],"replies":[{"embeddable":true,"href":"https:\/\/galvylam.com\/index.php\/wp-json\/wp\/v2\/comments?post=118386"}],"version-history":[{"count":2,"href":"https:\/\/galvylam.com\/index.php\/wp-json\/wp\/v2\/pages\/118386\/revisions"}],"predecessor-version":[{"id":119368,"href":"https:\/\/galvylam.com\/index.php\/wp-json\/wp\/v2\/pages\/118386\/revisions\/119368"}],"wp:attachment":[{"href":"https:\/\/galvylam.com\/index.php\/wp-json\/wp\/v2\/media?parent=118386"}],"curies":[{"name":"wp","href":"https:\/\/api.w.org\/{rel}","templated":true}]}}